is h(13)?
-286
Let l(s) = -3*s**2 - 172*s - 532. Give l(-3).
-43
Let v(f) = 442*f + 369. What is v(2)?
1253
Let a(z) = 3*z**2 + 160*z - 126. Determine a(-54).
-18
Let g(r) = -337*r - 17910. Give g(-53).
-49
Let g(k) = -6*k**3 + 25*k**2 - 2*k - 9. Give g(4).
-1
Let r(n) = -3*n - 14. Give r(12).
-50
Let h(l) = l + 40. What is h(-47)?
-7
Let m(c) = 4*c**2 - 45*c + 132. What is m(9)?
51
Let k(d) = -4*d**3 - d**2 - 9*d + 5. Calculate k(2).
-49
Let z(q) = 4*q**2 + 6*q - 338. Give z(-10).
2
Let q(d) = d**2 + 6*d - 2004. What is q(42)?
12
Let a(m) = m**3 + 51*m**2 + 169*m + 1223. What is a(-48)?
23
Let y(m) = -103*m - 2398. Give y(-23).
-29
Let v(r) = 329*r - 2630. Give v(8).
2
Let r(m) = -24*m**3 - 73*m**2 + 8*m + 9. Give r(-3).
-24
Let f(b) = 146*b - 1226. Determine f(10).
234
Let p(c) = -c**3 - 55*c**2 - 4*c - 239. Give p(-55).
-19
Let d(s) = 512*s + 2555. Give d(-6).
-517
Let x(v) = 682*v - 30. Give x(0).
-30
Let g(h) = -4*h**2 + 141*h + 66. Calculate g(36).
-42
Let v(g) = -61*g - 1116. Calculate v(-19).
43
Let h(k) = 10*k**2 + 73*k - 304. What is h(3)?
5
Let o(b) = -b**3 + 11*b**2 - 91*b + 292. Determine o(5).
-13
Let o(m) = 3*m**3 + 97*m**2 - 89*m - 8. Determine o(1).
3
Let d(u) = -2*u**3 + 39*u**2 + 26*u - 36. Calculate d(20).
84
Let x(n) = 189*n - 6450. Give x(34).
-24
Let y(c) = 12*c**3 + 72*c**2 - 64*c + 43. Give y(-7).
-97
Let b(n) = 9*n**3 + 178*n**2 - 48*n + 54. Calculate b(-20).
214
Let f(a) = -a**3 - 11*a**2 + 33*a + 37. Determine f(-13).
-54
Let v(g) = 133*g - 378. Give v(3).
21
Let g(z) = 213*z + 1290. What is g(-6)?
12
Let n(p) = p**3 + 12*p**2 - 17*p + 97. What is n(-14)?
-57
Let i(u) = -17*u**3 + u**2 - 193*u + 192. Determine i(1).
-17
Let g(l) = 19*l**3 + 76*l**2 + 162*l + 652. Calculate g(-4).
4
Let k(b) = 23*b + 144. Calculate k(-6).
6
Let g(x) = 3*x**3 + 75*x**2 - 178*x - 430. Determine g(-27).
2
Let p(h) = -h**3 + h**2 + 8*h - 57. Calculate p(6).
-189
Let g(x) = -270*x + 8925. Determine g(33).
15
Let r(b) = -641*b - 18586. Calculate r(-29).
3
Let c(r) = 49*r - 118. Give c(-4).
-314
Let r(f) = -215*f + 2936. Determine r(12).
356
Let z(y) = -22*y - 1714. Calculate z(-81).
68
Let o(l) = -2785*l - 25063. Calculate o(-9).
2
Let r(j) = 6*j**2 + 231*j + 128. Calculate r(-38).
14
Let j(t) = 371*t - 12522. Give j(34).
92
Let r(c) = -12*c**2 + 134*c + 404. Determine r(-3).
-106
Let w(z) = z**2 + 67*z + 622. What is w(-11)?
6
Let z(g) = g**3 + 108*g**2 + 973*g - 680. What is z(-98)?
6
Let l(i) = -266*i + 3499. Determine l(13).
41
Let o(d) = -d**2 - 100*d + 1035. What is o(-110)?
-65
Let j(l) = -l**2 + 6*l + 18474. Determine j(-133).
-13
Let s(w) = -6*w**2 - 217*w + 921. Determine s(-40).
1
Let j(p) = p**3 - 19*p**2 + 40*p - 81. Determine j(13).
-575
Let f(c) = -c**3 + 21*c**2 - 94*c + 24. Give f(14).
80
Let a(k) = -49*k + 88. Give a(3).
-59
Let g(c) = 12*c + 4. Determine g(1).
16
Let w(r) = 8621*r + 43115. Determine w(-5).
10
Let y(n) = -4*n**2 - 2332*n + 11757. Give y(5).
-3
Let k(w) = w**2 - 6*w - 243. Determine k(19).
4
Let s(w) = -34*w - 3479. Give s(-102).
-11
Let i(z) = -443*z - 17747. Give i(-40).
-27
Let u(j) = 2*j**3 - 22*j**2 + 21*j - 349. Calculate u(12).
191
Let v(h) = 1970*h + 17754. Determine v(-9).
24
Let l(j) = 8*j + 16. What is l(-3)?
-8
Let q(r) = -r**3 + 15*r**2 + 147*r - 2095. Calculate q(16).
1
Let q(m) = -259*m + 780. Determine q(3).
3
Let j(x) = 5*x**3 - 27*x**2 + 9*x + 14. Calculate j(5).
9
Let r(q) = 30*q + 75. Calculate r(-2).
15
Let h(v) = -7*v - 107. What is h(-26)?
75
Let l(f) = -f**2 - 303*f - 2926. Calculate l(-10).
4
Let w(m) = 5*m + 121. Calculate w(-14).
51
Let w(i) = i**3 + 7*i**2 - 13*i - 39. What is w(-6)?
75
Let k(i) = 225*i**2 - 4*i + 1. Give k(1).
222
Let m(l) = -l**2 + 364*l - 26867. Determine m(261).
16
Let i(s) = 76*s + 4. Determine i(0).
4
Let j(m) = m**3 + 77*m**2 + 82*m + 461. What is j(-76)?
5
Let k(q) = 29*q**2 - 291*q + 6. Determine k(10).
-4
Let v(t) = t**2 + 19*t + 287. What is v(-9)?
197
Let j(u) = -u**3 + 74*u**2 - 885*u - 10. Calculate j(59).
-10
Let z(x) = -2*x**3 + 22*x**2 - 94*x + 232. Determine z(6).
28
Let j(r) = -531*r - 90791. Give j(-171).
10
Let l(n) = 211*n + 2533. Give l(-12).
1
Let a(v) = -v**3 - 133*v**2 - 61*v - 8118. Calculate a(-133).
-5
Let a(k) = -k**3 + 8*k**2 - 10*k + 8. What is a(6)?
20
Let k(p) = 47*p - 248. Give k(7).
81
Let h(o) = o**3 + 11*o**2 + 11*o - 28. Give h(-9).
35
Let i(t) = t**3 - 6*t**2 + 407*t - 2494. What is i(6)?
-52
Let u(f) = -184*f - 13263. Determine u(-72).
-15
Let y(r) = r**2 + 6*r - 41. What is y(6)?
31
Let x(l) = 36*l**2 - 398*l + 20. Determine x(11).
-2
Let f(d) = 248*d - 2988. What is f(12)?
-12
Let i(u) = -u**3 - 27*u**2 - 148*u + 64. What is i(-19)?
-12
Let s(j) = 4*j - 36. What is s(-4)?
-52
Let q(c) = -c**3 - 2*c**2 + 75*c - 2. Give q(8).
-42
Let h(j) = -j**3 - 50*j**2 + 71*j + 1056. Determine h(-51).
36
Let t(f) = -4*f**3 + 43*f**2 + 7*f + 50. Calculate t(11).
6
Let k(p) = -15*p - 102. What is k(-10)?
48
Let t(q) = 5*q**3 + 31*q**2 - 10*q - 59. Determine t(-6).
37
Let g(p) = -2*p**3 + 123*p**2 + 54*p + 130. Give g(62).
-366
Let j(v) = -27*v**3 - 6047*v**2 + 223*v - 221. Give j(-224).
3
Let w(h) = 49*h + 249. Give w(-9).
-192
Let v(t) = 13*t + 47. What is v(-5)?
-18
Let v(f) = -f**2 - 676*f - 5386. Give v(-8).
-42
Let i(o) = o**2 + 44*o + 81. Calculate i(-2).
-3
Let w(c) = c**2 - 24*c - 46. Determine w(21).
-109
Let b(o) = 36*o - 144. Calculate b(11).
252
Let o(u) = -u**3 + 11*u**2 + 673*u + 106. Determine o(-21).
85
Let b(o) = 26*o - 1328. What is b(67)?
414
Let w(x) = -241*x + 1818. Calculate w(7).
131
Let o(d) = 6*d**3 - 7*d**2 - 17*d - 12. Give o(-2).
-54
Let v(a) = -a**3 + 26*a**2 - 104*a + 38. Give v(21).
59
Let g(k) = 16*k**3 - 7*k**2 - 6*k. Determine g(-2).
-144
Let h(a) = a**3 + 13*a**2 + 16*a - 34. Calculate h(-10).
106
Let f(h) = -6*h**2 + 162*h - 316. What is f(2)?
-16
Let c(m) = 2*m**2 - 99*m + 189. Give c(2).
-1
Let y(a) = a**2 + 152*a + 4745. Give y(-108).
-7
Let p(w) = 37*w**2 - 134*w - 6. Determine p(5).
249
Let t(o) = -2*o - 148. Calculate t(21).
-190
Let c(i) = 4*i**3 - 88*i**2 + 81*i + 61. What is c(21)?
-2
Let p(a) = -a**3 - 9*a**2 + 93*a + 785. Give p(-11).
4
Let d(f) = 411*f + 815. Calculate d(-2).
-7
Let k(z) = -54*z - 578. Determine k(-8).
-146
Let g(q) = -29*q**3 - 4*q**2 + 16*q - 4. Calculate g(2).
-220
Let s(v) = 4*v**2 - 96*v + 564. Calculate s(10).
4
Let r(t) = 2*t**2 - 303*t - 154. Give r(152).
-2
Let k(q) = -2*q**2 + 13*q + 170. Determine k(-13).
-337
Let v(a) = -a**2 + 45*a - 244. Give v(39).
-10
Let h(n) = -8*n**2 + 109*n - 9. Determine h(15).
-174
Let j(u) = 325*u - 3906. Give j(12).
-6
Let w(i) = -20*i**2 - 1153*i + 432. Calculate w(-58).
26
Let k(n) = -15*n + 714. Give k(37).
159
Let h(t) = 60*t - 2552. Determine h(42).
-32
Let g(c) = c + 131. Calculate g(7).
138
Let j(r) = -2*r**2 - 130*r + 1328. Calculate j(-74).
-4
Let t(a) = -635*a + 1283. What is t(2)?
13
Let x(u) = -2*u**3 + 9*u**2 - 15*u + 51. Determine x(4).
7
Let n(o) = o**2 + 67*o + 579. Give n(-57).
9
Let z(l) = l**2 + 210*l + 8627. Determine z(-154).
3
Let b(r) = -290*r - 78. Determine b(1).
-368
Let m(f) = -f**3 - 24*f**2 + 59*f + 91. Give m(-26).
-91
Let v(o) = o**3 - 18*o**2 + 37*o - 92. Calculate v(16).
-12
Let d(h) = -2*h**3 + 3*h**2 + 9*h - 81. Calculate d(6).
-351
Let y(a) = -a**3 - 8*a**2 - 21*a - 21. Give y(-2).
-3
Let l(w) = -w**3 + 8*w**2 + 28*w + 35. What is l(10)?
115
Let y(l) = 2*l**2 + 2835*l + 11313. Determine y(-4).
5
Let s(q) = -62*q + 6530. Give s(106).
-42
Let u(x) = x**3 + 11*x**2 + 3*x + 5. What is u(-11)?
-28
Let d(p) = 147*p - 2171. Determine d(15).
34
Let o(s) = 3*s**2 + 2*s - 124. Determine o(12).
332
Let q(x) = 64*x + 351. What is q(-6)?
-33
Let c(w) = -4676*w - 4675. What is c(-1)?
1
Let z(d) = -d**2 - 11*d + 60. Give z(-19).
-92
Let q(x) = -208*x - 907. Give q(-3).
-283
Let g(v) = 133*v + 664. What is g(-5)?
-1
Let d(k) = -k**3 - 12*k**2 + 42*k + 545. Determine d(-9).
-76
Let l(c) = -c**3 + 8*c**2 + 10*c + 21. What is l(9)?
30
Let u(s) = 16*s - 27. What is u(8)?
101
Let j(s) = 2*s**2 + 26*s + 14. What is j(-7)?
-70
Let k(m) = -4*m**2 - 19*m + 153. Calculate k(-9).
0
Let n(c) = -76*c - 2873. Determine n(-38).
15
Let j(o) = 2785*o + 11138. Give j(-4).
-2
Let w(m) = 6*m - 429. Calculate w(66).
-33
Let t(z)